. Let q(w) = 5*w**2 - 11*w - 9. Let a be q(7). Let x = f + a. What is the units digit of x?
1
What is the hundreds digit of 10 - 148/14 - 174543/(-21)?
3
Suppose 10*z + 0*z = 30. Suppose z*s = -d + 8, -s - 2 = d - 0. Let r(h) = -13*h + 9. What is the hundreds digit of r(d)?
1
Suppose 4*q + 18 = -y + 59, -4*q - 3*y + 35 = 0. Let r be (1 - 4)/(24/88). What is the units digit of q*10 + r + 14?
3
Let j = -45900 + 66165. What is the units digit of j?
5
What is the hundreds digit of ((-329257)/(-4) - (19 + -17)/8)/1?
3
Suppose -4*z = -2*h - 1180, -3*h - 8 = h. Suppose -2*q = 5*d - 977, 8*q - 3*q + 2*d = 2453. Suppose q + z = 5*s. What is the hundreds digit of s?
1
Let j(z) = -451*z + 133. Let v(g) = -g**3 + 6*g**2 + 14*g + 13. Let u be v(8). What is the thousands digit of j(u)?
1
Let c(p) = 1710*p**3 + 8*p**2 - 5*p + 11. What is the hundreds digit of c(2)?
7
Let d be (-1 - -1)/(8 + (-35)/5). Suppose d = 44*w - 21*w - 20447. What is the units digit of w?
9
Suppose 42*j = 47*j - 50. Suppose 4*f + 5*d = j, -5*f - 5*d - 15 = -6*f. Suppose -2*l + 28 = -5*r - 86, -5*l = f*r - 285. What is the units digit of l?
7
Suppose l - 5*l = t - 27, 3*l = -t + 20. Suppose l*u + 2548 = 20*u. What is the tens digit of u?
9
Let d be 7 - 1/(9/(-4) - -2). Let a(r) = -3*r**2 + 5*r + 2*r**2 + 2*r + 6*r + 13. What is the units digit of a(d)?
5
Suppose 2*z - 17 + 21 = 0. Let l(h) = 10*h**2 - 3. What is the units digit of l(z)?
7
Let i = -2494 - -37502. What is the hundreds digit of i?
0
Suppose j - 562 = 4*a, 8*j - 13*j + 2766 = 2*a. Suppose j + 107 = u. What is the tens digit of u?
6
Let l(b) = b**2 - 19*b + 213. What is the units digit of l(-24)?
5
Let p be (2/(-5))/((-142)/1065). Suppose 0 = -5*t + p*t - 3*b + 1197, 2*b + 6 = 0. What is the hundreds digit of t?
6
Let l = 409 - 187. Suppose -3408 = -5*c + l. What is the tens digit of c?
2
Let p(l) = 2713*l - 5836. What is the tens digit of p(10)?
9
Suppose -r + x = -83, -5*r = -x - 118 - 313. Let d(m) = r*m + 127 + 130 - 256 + 78*m. What is the hundreds digit of d(1)?
1
Let q = 10489 + -7477. What is the hundreds digit of q?
0
Let r = 30 - 16. Let n be ((5 + -6)/(2 - 3))/(-1). What is the tens digit of (35/(-14))/(n/r)?
3
Let g(m) = -m**2 + 20*m - 28. Let d be g(18). Let w be (6/d)/(17/(-5576)). What is the tens digit of (1/2)/((-3)/w)?
4
Suppose -28*c + 146757 = -21405 - 156862. What is the units digit of c?
8
Suppose 3 = 3*d + 3*g, -20 = -5*d - g - 7. Suppose 4*r - 785 = -5*u, 0 = r - d*r. Suppose -u = -4*s - 25. What is the units digit of s?
3
Suppose 2*r = t - 6*t + 10896, 0 = 4*t - 5*r - 8697. What is the tens digit of t?
7
Let y(a) = -28*a - 15*a + 3 - 2. Let r be y(2). Let f = r - -130. What is the units digit of f?
5
Let w(p) = -p**2 - 5*p + 6. Let g be w(-8). Let a = 149 - g. What is the hundreds digit of a?
1
Suppose 2*c = -4*z + 26684, 0 = 2*z - 11 + 5. Suppose 10324 = 13*y - c. What is the tens digit of y?
2
Let w = 1325 + -6. Suppose k - 3*k + 532 = -v, w = 5*k + 3*v. What is the hundreds digit of k?
2
Let o = -550 + 550. Suppose o = -115*j + 134*j - 28139. What is the units digit of j?
1
Suppose -4*h - 19 - 25 = 0. Let b(r) be the first derivative of -7*r**2/2 - 3*r - 3. What is the units digit of b(h)?
4
Let y be 5/(-10) - (2 - 1/2). Let u(m) = -94*m - 3. What is the hundreds digit of u(y)?
1
Suppose -m + g = -3*g - 289, 0 = -3*m - 5*g + 833. Let k = 5 + -3. Suppose -z + b + 285 = 0, -z + k*b = -b - m. What is the tens digit of z?
8
Let o(l) = l**3 - 4*l**2 - 14*l - 5. Let m be o(-2). Let f(v) = -1957*v - 23. What is the units digit of f(m)?
4
Let a(q) = 3*q**2 + 33*q - 333. What is the units digit of a(-52)?
3
Suppose -7*b + 4*c + 281543 = 0, 4*c - 106825 - 54107 = -4*b. What is the thousands digit of b?
0
Suppose 5*y = -2*b + 8*y + 10, -b + 4*y + 10 = 0. Suppose d + b*d - 726 = 0. What is the hundreds digit of d?
2
Let h(m) = -10*m**3 + 13*m**2 + 49*m - 113. What is the tens digit of h(-8)?
4
Suppose -292*y + 2270148 = 30*y - 44*y. What is the hundreds digit of y?
1
Suppose 4*h + 7*h + 14*h = 54450. What is the hundreds digit of h?
1
Let u = -22652 + 42486. What is the ten thousands digit of u?
1
Let v be (-31)/(-62)*464*-2. Let t = 811 + v. What is the tens digit of t?
4
Suppose -b - 305 = -307. What is the hundreds digit of -26 - -241 - (-6)/b?
2
Let p(a) = -a**3 - 8*a**2 + 9*a. Let q be p(-10). Suppose 54*i = 49*i + q. Suppose 175 = b - i. What is the tens digit of b?
9
Let g be (-6)/(-6)*-2 - -152. Suppose -g - 189 = -o. What is the units digit of o?
9
Suppose 23 = -6*x + 113. Let d(i) = -i + 12. Let m be d(x). What is the hundreds digit of (-10)/(-6) + (-652)/m?
2
Let o(w) = 2*w**3 + 8*w**2 - 6*w + 11. Let a be o(-5). What is the units digit of 6404/(-90)*-5 + (-2)/a?
6
Let p(g) = 13*g**2 + 2*g - 2. Suppose -4 = 5*y - 14. Suppose -y*n - 6 = -0. What is the units digit of p(n)?
9
Let z(s) = -14*s**3 - s**2 - 19*s - 14. Let w(l) = -l**3 - 5*l**2 + 5*l + 22. Let f be w(-5). What is the tens digit of z(f)?
1
Suppose 2*x - k = 6*x - 18, 5*x = -3*k + 26. Suppose r - x = -3. What is the units digit of ((-2)/3)/r*654/(-4)?
9
Let p(g) = -30*g - 5. Let o be p(11). Let t be o/(-25) - 6/(-10). Suppose z = l + 8, -2*z - 4*l + 0*l - t = 0. What is the units digit of z?
3
Let q(v) = v**3 - 29*v**2 + 8*v + 41. Let l be q(32). Suppose -5*n + l = 3*r - 116, 0 = 4*n + 2*r - 2788. What is the units digit of n?
7
Suppose 5*c - 136 = -12*c. What is the tens digit of ((-83)/(-1) - c)*(-32)/(-6)?
0
Let y = 90038 - 3728. What is the hundreds digit of y?
3
Let x = 28626 - 9784. What is the thousands digit of x?
8
Let h be (-20)/(4 - 9) - -100. Suppose -2*b + 100 = -h. Let k = b - 7. What is the tens digit of k?
9
Suppose -4*y = -y + 3, -3*l - y = 10. Let s be 625 - (l + 5 - 7). Suppose -s = -5*o - o. What is the tens digit of o?
0
Let q = 41 - 37. Suppose q*v - i = -1265, -v + 960 = -4*v - 3*i. Let y = v + 473. What is the tens digit of y?
5
Suppose -6*g + 1128 - 372 = 0. What is the hundreds digit of 1422 + (540/g - 4/14)?
4
Let f = 41 - 36. Suppose -3*x + 18 = -w + x, -f*x = w. Let z(y) = -y**3 - 10*y**2 - 6*y + 7. What is the units digit of z(w)?
7
Let f(b) = 2*b**2 + 47*b - 44. Let h(i) = -i**2 - 23*i + 22. Let n(d) = -3*f(d) - 5*h(d). What is the tens digit of n(-14)?
9
Suppose -70*t + 107*t + 403560 = 55*t. What is the ten thousands digit of t?
2
Let t = 187500 + -100149. What is the hundreds digit of t?
3
Suppose -2*b + 18 = -5*q - 12, 2*q + 18 = 2*b. Suppose 3*v + b*n = -v + 1671, -5*v = 4*n - 2100. What is the hundreds digit of v?
4
Suppose 77*o - 3499424 - 2010799 = -96*o. What is the tens digit of o?
5
What is the ten thousands digit of (15967/2 - -1)/(54/(-576)*-8)?
1
Let s(w) = -2*w**2 + 23*w - 18. Let r be s(28). Let o = 356 - r. What is the units digit of o?
8
Suppose -26*p = -31*p + 35540. What is the hundreds digit of p?
1
Let z = -37442 - -40604. What is the thousands digit of z?
3
Let g(j) = -j + 3. Let s be g(0). Let h be (36/48)/(s/2)*6. Suppose -t = x - 178, -x - h*x - 5*t + 707 = 0. What is the hundreds digit of x?
1
Let u(k) = -k**2 - 3*k + 6. Let z be u(-4). Let a be (-1)/((-3)/(-4) - z/8). What is the units digit of 3/(-3) - (74*a + -4)?
1
Let a = 145 - 231. Let m(d) = 2*d**2 + 62*d + 74. Let p be m(-29). Let b = p - a. What is the units digit of b?
4
Suppose -61*c + 179620 = -33*c. What is the hundreds digit of c?
4
Let w be (-150442)/(-7) + (-6)/(-21). Suppose 51*y - w = 21246. What is the hundreds digit of y?
8
Let i(n) = 12*n**2 + 56*n - 56. What is the hundreds digit of i(-21)?
0
Let o(k) = -5*k**2 + 2 + 0*k**3 + 6*k**2 + 0*k**3 - k**3 + 3*k. Let z be o(-2). What is the units digit of z/(-2) - (-90 - -12)?
4
Let q = -32 - -33. Suppose -q = -o + 1. Suppose -o*g - 70 = -3*g. What is the tens digit of g?
7
Let y = 1224 + 4712. What is the hundreds digit of y?
9
Suppose 0 = -18*g + 770 - 3974. Let w(s) = s - 291. Let h be w(0). Let c = g - h. What is the units digit of c?
3
Let l = 44417 - 19318. What is the thousands digit of l?
5
Let m(r) = -r**3 - 106*r**2 - 551*r - 215. What is the hundreds digit of m(-104)?
4
Suppose -469950 = -3072*f + 3007*f. What is the thousands digit of f?
7
What is the hundreds digit of -22 + 10 + 1315*4?
2
Suppose -36*i - 41*i + 67188 = -26136. What is the tens digit 